{"id":93045,"date":"2019-01-15T15:11:55","date_gmt":"2019-01-15T14:11:55","guid":{"rendered":"https:\/\/www.exitfest.org\/bine\/as-fm-stage-powered-by-guarana\/"},"modified":"2024-08-06T13:10:14","modified_gmt":"2024-08-06T11:10:14","slug":"radio-as-fm-stage","status":"publish","type":"bine","link":"https:\/\/www.exitfest.org\/es\/escenarios\/radio-as-fm-stage","title":{"rendered":"Radio AS FM Stage"},"content":{"rendered":"<div class=\"wpb-content-wrapper\"><p>[vc_row][vc_column][vc_column_text bb_tab_container=\u00bb\u00bb]Una de las estaciones de radio m\u00e1s importantes de Novi Sad y Vojvodina, el escenario de Radio AS FM es uno de los puntos de encuentro obligatorios para todos los aficionados del clubbing. Aqu\u00ed escuchar\u00e1s todos los grandes \u00e9xitos en las sesiones de djs de Serbia y del resto del mundo. Sonidos actuales, \u00e9xitos mainstream y una contagiosa atm\u00f3sfera de fiesta garantizada los 4 d\u00edas de EXIT.[\/vc_column_text][\/vc_column][\/vc_row]<\/p>\n<\/div>","protected":false},"excerpt":{"rendered":"<p>[vc_row][vc_column][vc_column_text bb_tab_container=\u00bb\u00bb]Una de las estaciones de radio m\u00e1s importantes de Novi Sad y Vojvodina, el escenario de Radio AS FM es uno de los puntos de encuentro obligatorios para todos<\/p>\n","protected":false},"featured_media":285830,"template":"","class_list":["post-93045","bine","type-bine","status-publish","has-post-thumbnail","hentry"],"acf":[],"yoast_head":"<!-- This site is optimized with the Yoast SEO plugin v25.6 - https:\/\/yoast.com\/wordpress\/plugins\/seo\/ -->\n<title>Radio AS FM Stage - EXIT Festival 2025<\/title>\n<meta name=\"description\" content=\"Una de las estaciones de radio m\u00e1s importantes de Novi Sad y Vojvodina, el escenario de Radio AS FM es uno de los puntos de encuentro obligatorios para todos los aficionados del clubbing.\" \/>\n<meta name=\"robots\" content=\"index, follow, max-snippet:-1, max-image-preview:large, max-video-preview:-1\" \/>\n<link rel=\"canonical\" href=\"https:\/\/www.exitfest.org\/es\/escenarios\/radio-as-fm-stage\" \/>\n<meta property=\"og:locale\" content=\"es_ES\" \/>\n<meta property=\"og:type\" content=\"article\" \/>\n<meta property=\"og:title\" content=\"Radio AS FM Stage - EXIT Festival 2025\" \/>\n<meta property=\"og:description\" content=\"Una de las estaciones de radio m\u00e1s importantes de Novi Sad y Vojvodina, el escenario de Radio AS FM es uno de los puntos de encuentro obligatorios para todos los aficionados del clubbing.\" \/>\n<meta property=\"og:url\" content=\"https:\/\/www.exitfest.org\/es\/escenarios\/radio-as-fm-stage\" \/>\n<meta property=\"og:site_name\" content=\"EXIT Festival 2025\" \/>\n<meta property=\"article:publisher\" content=\"https:\/\/www.facebook.com\/exit.festival\" \/>\n<meta property=\"article:modified_time\" content=\"2024-08-06T11:10:14+00:00\" \/>\n<meta property=\"og:image\" content=\"https:\/\/www.exitfest.org\/wp-content\/uploads\/2018\/03\/as-fm-stage_naslovna.jpg\" \/>\n\t<meta property=\"og:image:width\" content=\"1300\" \/>\n\t<meta property=\"og:image:height\" content=\"600\" \/>\n\t<meta property=\"og:image:type\" content=\"image\/jpeg\" \/>\n<meta name=\"twitter:card\" content=\"summary_large_image\" \/>\n<meta name=\"twitter:site\" content=\"@exitfestival\" \/>\n<script type=\"application\/ld+json\" class=\"yoast-schema-graph\">{\"@context\":\"https:\/\/schema.org\",\"@graph\":[{\"@type\":\"WebPage\",\"@id\":\"https:\/\/www.exitfest.org\/es\/escenarios\/radio-as-fm-stage\",\"url\":\"https:\/\/www.exitfest.org\/es\/escenarios\/radio-as-fm-stage\",\"name\":\"Radio AS FM Stage - EXIT Festival 2025\",\"isPartOf\":{\"@id\":\"https:\/\/www.exitfest.org\/es#website\"},\"primaryImageOfPage\":{\"@id\":\"https:\/\/www.exitfest.org\/es\/escenarios\/radio-as-fm-stage#primaryimage\"},\"image\":{\"@id\":\"https:\/\/www.exitfest.org\/es\/escenarios\/radio-as-fm-stage#primaryimage\"},\"thumbnailUrl\":\"https:\/\/www.exitfest.org\/wp-content\/uploads\/2018\/03\/as-fm-stage_naslovna.jpg\",\"datePublished\":\"2019-01-15T14:11:55+00:00\",\"dateModified\":\"2024-08-06T11:10:14+00:00\",\"description\":\"Una de las estaciones de radio m\u00e1s importantes de Novi Sad y Vojvodina, el escenario de Radio AS FM es uno de los puntos de encuentro obligatorios para todos los aficionados del clubbing.\",\"breadcrumb\":{\"@id\":\"https:\/\/www.exitfest.org\/es\/escenarios\/radio-as-fm-stage#breadcrumb\"},\"inLanguage\":\"es\",\"potentialAction\":[{\"@type\":\"ReadAction\",\"target\":[\"https:\/\/www.exitfest.org\/es\/escenarios\/radio-as-fm-stage\"]}]},{\"@type\":\"ImageObject\",\"inLanguage\":\"es\",\"@id\":\"https:\/\/www.exitfest.org\/es\/escenarios\/radio-as-fm-stage#primaryimage\",\"url\":\"https:\/\/www.exitfest.org\/wp-content\/uploads\/2018\/03\/as-fm-stage_naslovna.jpg\",\"contentUrl\":\"https:\/\/www.exitfest.org\/wp-content\/uploads\/2018\/03\/as-fm-stage_naslovna.jpg\",\"width\":1300,\"height\":600},{\"@type\":\"BreadcrumbList\",\"@id\":\"https:\/\/www.exitfest.org\/es\/escenarios\/radio-as-fm-stage#breadcrumb\",\"itemListElement\":[{\"@type\":\"ListItem\",\"position\":1,\"name\":\"Po\u010detna\",\"item\":\"https:\/\/www.exitfest.org\/es\"},{\"@type\":\"ListItem\",\"position\":2,\"name\":\"Radio AS FM Stage\"}]},{\"@type\":\"WebSite\",\"@id\":\"https:\/\/www.exitfest.org\/es#website\",\"url\":\"https:\/\/www.exitfest.org\/es\",\"name\":\"EXIT Festival 2025\",\"description\":\"\",\"publisher\":{\"@id\":\"https:\/\/www.exitfest.org\/es#organization\"},\"alternateName\":\"EXIT Festival\",\"potentialAction\":[{\"@type\":\"SearchAction\",\"target\":{\"@type\":\"EntryPoint\",\"urlTemplate\":\"https:\/\/www.exitfest.org\/es?s={search_term_string}\"},\"query-input\":{\"@type\":\"PropertyValueSpecification\",\"valueRequired\":true,\"valueName\":\"search_term_string\"}}],\"inLanguage\":\"es\"},{\"@type\":\"Organization\",\"@id\":\"https:\/\/www.exitfest.org\/es#organization\",\"name\":\"EXIT Festival\",\"alternateName\":\"EXIT\",\"url\":\"https:\/\/www.exitfest.org\/es\",\"logo\":{\"@type\":\"ImageObject\",\"inLanguage\":\"es\",\"@id\":\"https:\/\/www.exitfest.org\/es#\/schema\/logo\/image\/\",\"url\":\"https:\/\/www.exitfest.org\/wp-content\/uploads\/2023\/04\/exit-logo-696px.svg\",\"contentUrl\":\"https:\/\/www.exitfest.org\/wp-content\/uploads\/2023\/04\/exit-logo-696px.svg\",\"width\":1,\"height\":1,\"caption\":\"EXIT Festival\"},\"image\":{\"@id\":\"https:\/\/www.exitfest.org\/es#\/schema\/logo\/image\/\"},\"sameAs\":[\"https:\/\/www.facebook.com\/exit.festival\",\"https:\/\/x.com\/exitfestival\",\"https:\/\/instagram.com\/exitfestival\",\"https:\/\/www.linkedin.com\/company\/exit-festival\/\",\"https:\/\/www.youtube.com\/user\/EXITFestivalTV\",\"https:\/\/en.wikipedia.org\/wiki\/Exit_festival\",\"https:\/\/www.tiktok.com\/@exit_festival\",\"https:\/\/www.flickr.com\/photos\/exitfestival\",\"https:\/\/soundcloud.com\/exitfestival\",\"https:\/\/www.mixcloud.com\/exitfestival\/\",\"https:\/\/vb.me\/b827f5\",\"https:\/\/www.deezer.com\/en\/profile\/1441778382\",\"https:\/\/vk.com\/exitfestival\"]}]}<\/script>\n<!-- \/ Yoast SEO plugin. -->","yoast_head_json":{"title":"Radio AS FM Stage - EXIT Festival 2025","description":"Una de las estaciones de radio m\u00e1s importantes de Novi Sad y Vojvodina, el escenario de Radio AS FM es uno de los puntos de encuentro obligatorios para todos los aficionados del clubbing.","robots":{"index":"index","follow":"follow","max-snippet":"max-snippet:-1","max-image-preview":"max-image-preview:large","max-video-preview":"max-video-preview:-1"},"canonical":"https:\/\/www.exitfest.org\/es\/escenarios\/radio-as-fm-stage","og_locale":"es_ES","og_type":"article","og_title":"Radio AS FM Stage - EXIT Festival 2025","og_description":"Una de las estaciones de radio m\u00e1s importantes de Novi Sad y Vojvodina, el escenario de Radio AS FM es uno de los puntos de encuentro obligatorios para todos los aficionados del clubbing.","og_url":"https:\/\/www.exitfest.org\/es\/escenarios\/radio-as-fm-stage","og_site_name":"EXIT Festival 2025","article_publisher":"https:\/\/www.facebook.com\/exit.festival","article_modified_time":"2024-08-06T11:10:14+00:00","og_image":[{"width":1300,"height":600,"url":"https:\/\/www.exitfest.org\/wp-content\/uploads\/2018\/03\/as-fm-stage_naslovna.jpg","type":"image\/jpeg"}],"twitter_card":"summary_large_image","twitter_site":"@exitfestival","schema":{"@context":"https:\/\/schema.org","@graph":[{"@type":"WebPage","@id":"https:\/\/www.exitfest.org\/es\/escenarios\/radio-as-fm-stage","url":"https:\/\/www.exitfest.org\/es\/escenarios\/radio-as-fm-stage","name":"Radio AS FM Stage - EXIT Festival 2025","isPartOf":{"@id":"https:\/\/www.exitfest.org\/es#website"},"primaryImageOfPage":{"@id":"https:\/\/www.exitfest.org\/es\/escenarios\/radio-as-fm-stage#primaryimage"},"image":{"@id":"https:\/\/www.exitfest.org\/es\/escenarios\/radio-as-fm-stage#primaryimage"},"thumbnailUrl":"https:\/\/www.exitfest.org\/wp-content\/uploads\/2018\/03\/as-fm-stage_naslovna.jpg","datePublished":"2019-01-15T14:11:55+00:00","dateModified":"2024-08-06T11:10:14+00:00","description":"Una de las estaciones de radio m\u00e1s importantes de Novi Sad y Vojvodina, el escenario de Radio AS FM es uno de los puntos de encuentro obligatorios para todos los aficionados del clubbing.","breadcrumb":{"@id":"https:\/\/www.exitfest.org\/es\/escenarios\/radio-as-fm-stage#breadcrumb"},"inLanguage":"es","potentialAction":[{"@type":"ReadAction","target":["https:\/\/www.exitfest.org\/es\/escenarios\/radio-as-fm-stage"]}]},{"@type":"ImageObject","inLanguage":"es","@id":"https:\/\/www.exitfest.org\/es\/escenarios\/radio-as-fm-stage#primaryimage","url":"https:\/\/www.exitfest.org\/wp-content\/uploads\/2018\/03\/as-fm-stage_naslovna.jpg","contentUrl":"https:\/\/www.exitfest.org\/wp-content\/uploads\/2018\/03\/as-fm-stage_naslovna.jpg","width":1300,"height":600},{"@type":"BreadcrumbList","@id":"https:\/\/www.exitfest.org\/es\/escenarios\/radio-as-fm-stage#breadcrumb","itemListElement":[{"@type":"ListItem","position":1,"name":"Po\u010detna","item":"https:\/\/www.exitfest.org\/es"},{"@type":"ListItem","position":2,"name":"Radio AS FM Stage"}]},{"@type":"WebSite","@id":"https:\/\/www.exitfest.org\/es#website","url":"https:\/\/www.exitfest.org\/es","name":"EXIT Festival 2025","description":"","publisher":{"@id":"https:\/\/www.exitfest.org\/es#organization"},"alternateName":"EXIT Festival","potentialAction":[{"@type":"SearchAction","target":{"@type":"EntryPoint","urlTemplate":"https:\/\/www.exitfest.org\/es?s={search_term_string}"},"query-input":{"@type":"PropertyValueSpecification","valueRequired":true,"valueName":"search_term_string"}}],"inLanguage":"es"},{"@type":"Organization","@id":"https:\/\/www.exitfest.org\/es#organization","name":"EXIT Festival","alternateName":"EXIT","url":"https:\/\/www.exitfest.org\/es","logo":{"@type":"ImageObject","inLanguage":"es","@id":"https:\/\/www.exitfest.org\/es#\/schema\/logo\/image\/","url":"https:\/\/www.exitfest.org\/wp-content\/uploads\/2023\/04\/exit-logo-696px.svg","contentUrl":"https:\/\/www.exitfest.org\/wp-content\/uploads\/2023\/04\/exit-logo-696px.svg","width":1,"height":1,"caption":"EXIT Festival"},"image":{"@id":"https:\/\/www.exitfest.org\/es#\/schema\/logo\/image\/"},"sameAs":["https:\/\/www.facebook.com\/exit.festival","https:\/\/x.com\/exitfestival","https:\/\/instagram.com\/exitfestival","https:\/\/www.linkedin.com\/company\/exit-festival\/","https:\/\/www.youtube.com\/user\/EXITFestivalTV","https:\/\/en.wikipedia.org\/wiki\/Exit_festival","https:\/\/www.tiktok.com\/@exit_festival","https:\/\/www.flickr.com\/photos\/exitfestival","https:\/\/soundcloud.com\/exitfestival","https:\/\/www.mixcloud.com\/exitfestival\/","https:\/\/vb.me\/b827f5","https:\/\/www.deezer.com\/en\/profile\/1441778382","https:\/\/vk.com\/exitfestival"]}]}},"_links":{"self":[{"href":"https:\/\/www.exitfest.org\/es\/wp-json\/wp\/v2\/bine\/93045","targetHints":{"allow":["GET"]}}],"collection":[{"href":"https:\/\/www.exitfest.org\/es\/wp-json\/wp\/v2\/bine"}],"about":[{"href":"https:\/\/www.exitfest.org\/es\/wp-json\/wp\/v2\/types\/bine"}],"version-history":[{"count":2,"href":"https:\/\/www.exitfest.org\/es\/wp-json\/wp\/v2\/bine\/93045\/revisions"}],"predecessor-version":[{"id":285908,"href":"https:\/\/www.exitfest.org\/es\/wp-json\/wp\/v2\/bine\/93045\/revisions\/285908"}],"wp:featuredmedia":[{"embeddable":true,"href":"https:\/\/www.exitfest.org\/es\/wp-json\/wp\/v2\/media\/285830"}],"wp:attachment":[{"href":"https:\/\/www.exitfest.org\/es\/wp-json\/wp\/v2\/media?parent=93045"}],"curies":[{"name":"wp","href":"https:\/\/api.w.org\/{rel}","templated":true}]}}

<div class="wpb-content-wrapper"><p>[vc_row][vc_column][vc_column_text bb_tab_container=»»]Una de las estaciones de radio más importantes de Novi Sad y Vojvodina, el escenario de Radio AS FM es uno de los puntos de encuentro obligatorios para todos los aficionados del clubbing. Aquí escucharás todos los grandes éxitos en las sesiones de djs de Serbia y del resto del mundo. Sonidos actuales, éxitos mainstream y una contagiosa atmósfera de fiesta garantizada los 4 días de EXIT.[/vc_column_text][/vc_column][/vc_row]</p>
</div>

<p>[vc_row][vc_column][vc_column_text bb_tab_container=»»]Una de las estaciones de radio más importantes de Novi Sad y Vojvodina, el escenario de Radio AS FM es uno de los puntos de encuentro obligatorios para todos</p>

<!-- This site is optimized with the Yoast SEO plugin v25.6 - https://yoast.com/wordpress/plugins/seo/ -->
<title>Radio AS FM Stage - EXIT Festival 2025</title>
<meta name="description" content="Una de las estaciones de radio más importantes de Novi Sad y Vojvodina, el escenario de Radio AS FM es uno de los puntos de encuentro obligatorios para todos los aficionados del clubbing." />
<meta name="robots" content="index, follow, max-snippet:-1, max-image-preview:large, max-video-preview:-1" />
<link rel="canonical" href="https://www.exitfest.org/es/escenarios/radio-as-fm-stage" />
<meta property="og:locale" content="es_ES" />
<meta property="og:type" content="article" />
<meta property="og:title" content="Radio AS FM Stage - EXIT Festival 2025" />
<meta property="og:description" content="Una de las estaciones de radio más importantes de Novi Sad y Vojvodina, el escenario de Radio AS FM es uno de los puntos de encuentro obligatorios para todos los aficionados del clubbing." />
<meta property="og:url" content="https://www.exitfest.org/es/escenarios/radio-as-fm-stage" />
<meta property="og:site_name" content="EXIT Festival 2025" />
<meta property="article:publisher" content="https://www.facebook.com/exit.festival" />
<meta property="article:modified_time" content="2024-08-06T11:10:14+00:00" />
<meta property="og:image" content="https://www.exitfest.org/wp-content/uploads/2018/03/as-fm-stage_naslovna.jpg" />
	<meta property="og:image:width" content="1300" />
	<meta property="og:image:height" content="600" />
	<meta property="og:image:type" content="image/jpeg" />
<meta name="twitter:card" content="summary_large_image" />
<meta name="twitter:site" content="@exitfestival" />
<script type="application/ld+json" class="yoast-schema-graph">{"@context":"https://schema.org","@graph":[{"@type":"WebPage","@id":"https://www.exitfest.org/es/escenarios/radio-as-fm-stage","url":"https://www.exitfest.org/es/escenarios/radio-as-fm-stage","name":"Radio AS FM Stage - EXIT Festival 2025","isPartOf":{"@id":"https://www.exitfest.org/es#website"},"primaryImageOfPage":{"@id":"https://www.exitfest.org/es/escenarios/radio-as-fm-stage#primaryimage"},"image":{"@id":"https://www.exitfest.org/es/escenarios/radio-as-fm-stage#primaryimage"},"thumbnailUrl":"https://www.exitfest.org/wp-content/uploads/2018/03/as-fm-stage_naslovna.jpg","datePublished":"2019-01-15T14:11:55+00:00","dateModified":"2024-08-06T11:10:14+00:00","description":"Una de las estaciones de radio más importantes de Novi Sad y Vojvodina, el escenario de Radio AS FM es uno de los puntos de encuentro obligatorios para todos los aficionados del clubbing.","breadcrumb":{"@id":"https://www.exitfest.org/es/escenarios/radio-as-fm-stage#breadcrumb"},"inLanguage":"es","potentialAction":[{"@type":"ReadAction","target":["https://www.exitfest.org/es/escenarios/radio-as-fm-stage"]}]},{"@type":"ImageObject","inLanguage":"es","@id":"https://www.exitfest.org/es/escenarios/radio-as-fm-stage#primaryimage","url":"https://www.exitfest.org/wp-content/uploads/2018/03/as-fm-stage_naslovna.jpg","contentUrl":"https://www.exitfest.org/wp-content/uploads/2018/03/as-fm-stage_naslovna.jpg","width":1300,"height":600},{"@type":"BreadcrumbList","@id":"https://www.exitfest.org/es/escenarios/radio-as-fm-stage#breadcrumb","itemListElement":[{"@type":"ListItem","position":1,"name":"Početna","item":"https://www.exitfest.org/es"},{"@type":"ListItem","position":2,"name":"Radio AS FM Stage"}]},{"@type":"WebSite","@id":"https://www.exitfest.org/es#website","url":"https://www.exitfest.org/es","name":"EXIT Festival 2025","description":"","publisher":{"@id":"https://www.exitfest.org/es#organization"},"alternateName":"EXIT Festival","potentialAction":[{"@type":"SearchAction","target":{"@type":"EntryPoint","urlTemplate":"https://www.exitfest.org/es?s={search_term_string}"},"query-input":{"@type":"PropertyValueSpecification","valueRequired":true,"valueName":"search_term_string"}}],"inLanguage":"es"},{"@type":"Organization","@id":"https://www.exitfest.org/es#organization","name":"EXIT Festival","alternateName":"EXIT","url":"https://www.exitfest.org/es","logo":{"@type":"ImageObject","inLanguage":"es","@id":"https://www.exitfest.org/es#/schema/logo/image/","url":"https://www.exitfest.org/wp-content/uploads/2023/04/exit-logo-696px.svg","contentUrl":"https://www.exitfest.org/wp-content/uploads/2023/04/exit-logo-696px.svg","width":1,"height":1,"caption":"EXIT Festival"},"image":{"@id":"https://www.exitfest.org/es#/schema/logo/image/"},"sameAs":["https://www.facebook.com/exit.festival","https://x.com/exitfestival","https://instagram.com/exitfestival","https://www.linkedin.com/company/exit-festival/","https://www.youtube.com/user/EXITFestivalTV","https://en.wikipedia.org/wiki/Exit_festival","https://www.tiktok.com/@exit_festival","https://www.flickr.com/photos/exitfestival","https://soundcloud.com/exitfestival","https://www.mixcloud.com/exitfestival/","https://vb.me/b827f5","https://www.deezer.com/en/profile/1441778382","https://vk.com/exitfestival"]}]}</script>
<!-- / Yoast SEO plugin. -->

Una de las estaciones de radio más importantes de Novi Sad y Vojvodina, el escenario de Radio AS FM es uno de los puntos de encuentro obligatorios para todos los aficionados del clubbing.

Početna
