{"id":229270,"date":"2018-10-20T17:47:14","date_gmt":"2018-10-20T15:47:14","guid":{"rendered":"https:\/\/www.exitfest.org\/exit-values"},"modified":"2023-02-02T11:35:19","modified_gmt":"2023-02-02T10:35:19","slug":"exit-values-es","status":"publish","type":"page","link":"https:\/\/www.exitfest.org\/es\/exit-values-es","title":{"rendered":"Valores EXIT"},"content":{"rendered":"<div class=\"wpb-content-wrapper\"><p>[vc_row el_class=\u00bbcontainer-single uk-container-center\u00bb css=\u00bb.vc_custom_1547721396987{padding-top: 40px !important;}\u00bb][vc_column offset=\u00bbvc_col-lg-offset-2 vc_col-lg-8 vc_col-md-offset-2 vc_col-md-8&#8243; css=\u00bb.vc_custom_1547720815089{margin-bottom: 0px !important;}\u00bb][vc_column_text css_animation=\u00bbnone\u00bb css=\u00bb.vc_custom_1675333903189{margin-bottom: 10px !important;}\u00bb]Nuestra <strong>MISI\u00d3N<\/strong> es provocar cambios sociales positivos y acelerar la evoluci\u00f3n de la conciencia humana mediante el uso de las industrias creativas, eventos art\u00edsticos, educativos y de caridad a nivel mundial como medio para difundir el mensaje de amor y libertad a todo el planeta; todo esto con el objetivo de hacer realidad nuestra <strong>VISI\u00d3N<\/strong>: la humanidad y la Tierra en armon\u00eda en todos los niveles locales, regionales y globales.<\/p>\n<p>Iniciado como un movimiento social estudiantil en el a\u00f1o 2000, Exit ha sido el \u00fanico festival internacional que naci\u00f3 de un anhelo de progreso y libertad. La reconocida identidad del festival se desarroll\u00f3 a trav\u00e9s de un programa \u00fanico de m\u00fasica ecl\u00e9ctica, creando numerosas campa\u00f1as socialmente responsables, as\u00ed como de un apoyo activo a organizaciones y movimientos de caridad, ecol\u00f3gicos y culturales.<\/p>\n<p>EXIT no es solo un festival, es un movimiento, un s\u00edmbolo de progreso y un motor de cambio en la sociedad, y tambi\u00e9n una plataforma l\u00edder para las industrias creativas no solo de Serbia, sino tambi\u00e9n de la regi\u00f3n de los Balcanes, una regi\u00f3n desgarrada por una d\u00e9cada de guerras sangrientas donde a\u00fan crecen j\u00f3venes llenos de odio hacia los pueblos de los pa\u00edses vecinos. Hemos aceptado el reto de cambiar esta realidad, de hacer de los Balcanes un s\u00edmbolo de unidad y progreso.[\/vc_column_text][\/vc_column][\/vc_row][vc_row][vc_column offset=\u00bbvc_col-lg-offset-2 vc_col-lg-8 vc_col-md-12 vc_col-xs-12&#8243;][vc_single_image image=\u00bb105016&#8243; img_size=\u00bbfull\u00bb alignment=\u00bbcenter\u00bb css_animation=\u00bbnone\u00bb][\/vc_column][\/vc_row][vc_row el_class=\u00bbcontainer-single uk-container-center\u00bb css=\u00bb.vc_custom_1540050342225{padding-bottom: 50px !important;}\u00bb][vc_column offset=\u00bbvc_col-lg-offset-2 vc_col-lg-8 vc_col-md-offset-2 vc_col-md-8 vc_col-xs-12&#8243;][vc_column_text css_animation=\u00bbnone\u00bb]El sentido y las ra\u00edces de nuestra raz\u00f3n de ser se basan en un fuerte deseo de evolucionar y progresar, as\u00ed como de realizar cambios positivos para crear medios que lleven el mensaje de libertad a tantas personas como sea posible. Esta chispa no puede apagarse, por el contrario, la visi\u00f3n hacia la que nos dirigimos nunca ha sido m\u00e1s clara: convertirnos y perdurar como generadores de una fuerte energ\u00eda positiva que una a las personas, inspir\u00e1ndolas a\u00fan m\u00e1s y haci\u00e9ndolas sentir que la armon\u00eda y los milagros son creados por nosotros mismos.<\/p>\n<p>Nuestras misiones son, a trav\u00e9s de festivales, industrias creativas y activismo social, continuar creando cambios sociales positivos y mejorar constantemente a cada paso del camino, junto con las personas que nos rodean y la sociedad en general. \u00abExit\u00bb como salida y apoyo en el camino del desarrollo personal y la verdadera felicidad.[\/vc_column_text][\/vc_column][\/vc_row]<\/p>\n<\/div>","protected":false},"excerpt":{"rendered":"<p>[vc_row el_class=\u00bbcontainer-single uk-container-center\u00bb css=\u00bb.vc_custom_1547721396987{padding-top: 40px !important;}\u00bb][vc_column offset=\u00bbvc_col-lg-offset-2 vc_col-lg-8 vc_col-md-offset-2 vc_col-md-8&#8243; css=\u00bb.vc_custom_1547720815089{margin-bottom: 0px !important;}\u00bb][vc_column_text css_animation=\u00bbnone\u00bb css=\u00bb.vc_custom_1675333903189{margin-bottom: 10px !important;}\u00bb]Nuestra MISI\u00d3N es provocar cambios sociales positivos y acelerar la evoluci\u00f3n de la conciencia<\/p>\n","protected":false},"author":1,"featured_media":0,"parent":0,"menu_order":41,"comment_status":"closed","ping_status":"closed","template":"page-with-hero.php","meta":{"_acf_changed":false,"footnotes":""},"class_list":["post-229270","page","type-page","status-publish","hentry"],"acf":[],"yoast_head":"<!-- This site is optimized with the Yoast SEO plugin v25.6 - https:\/\/yoast.com\/wordpress\/plugins\/seo\/ -->\n<title>Valores EXIT - EXIT Festival 2025<\/title>\n<meta name=\"description\" content=\"Iniciado como un movimiento social estudiantil en el a\u00f1o 2000, EXIT ha sido el \u00fanico festival internacional que naci\u00f3 de un anhelo de progreso y libertad.\" \/>\n<meta name=\"robots\" content=\"index, follow, max-snippet:-1, max-image-preview:large, max-video-preview:-1\" \/>\n<link rel=\"canonical\" href=\"https:\/\/www.exitfest.org\/es\/exit-values-es\" \/>\n<meta property=\"og:locale\" content=\"es_ES\" \/>\n<meta property=\"og:type\" content=\"article\" \/>\n<meta property=\"og:title\" content=\"Valores EXIT - EXIT Festival 2025\" \/>\n<meta property=\"og:description\" content=\"Iniciado como un movimiento social estudiantil en el a\u00f1o 2000, EXIT ha sido el \u00fanico festival internacional que naci\u00f3 de un anhelo de progreso y libertad.\" \/>\n<meta property=\"og:url\" content=\"https:\/\/www.exitfest.org\/es\/exit-values-es\" \/>\n<meta property=\"og:site_name\" content=\"EXIT Festival 2025\" \/>\n<meta property=\"article:publisher\" content=\"https:\/\/www.facebook.com\/exit.festival\" \/>\n<meta property=\"article:modified_time\" content=\"2023-02-02T10:35:19+00:00\" \/>\n<meta property=\"og:image\" content=\"https:\/\/www.exitfest.org\/wp-content\/uploads\/2024\/11\/state-of-exit-og-image-2025-exit.jpg\" \/>\n\t<meta property=\"og:image:width\" content=\"1920\" \/>\n\t<meta property=\"og:image:height\" content=\"1080\" \/>\n\t<meta property=\"og:image:type\" content=\"image\/jpeg\" \/>\n<meta name=\"twitter:card\" content=\"summary_large_image\" \/>\n<meta name=\"twitter:site\" content=\"@exitfestival\" \/>\n<script type=\"application\/ld+json\" class=\"yoast-schema-graph\">{\"@context\":\"https:\/\/schema.org\",\"@graph\":[{\"@type\":\"WebPage\",\"@id\":\"https:\/\/www.exitfest.org\/es\/exit-values-es\",\"url\":\"https:\/\/www.exitfest.org\/es\/exit-values-es\",\"name\":\"Valores EXIT - EXIT Festival 2025\",\"isPartOf\":{\"@id\":\"https:\/\/www.exitfest.org\/es#website\"},\"datePublished\":\"2018-10-20T15:47:14+00:00\",\"dateModified\":\"2023-02-02T10:35:19+00:00\",\"description\":\"Iniciado como un movimiento social estudiantil en el a\u00f1o 2000, EXIT ha sido el \u00fanico festival internacional que naci\u00f3 de un anhelo de progreso y libertad.\",\"breadcrumb\":{\"@id\":\"https:\/\/www.exitfest.org\/es\/exit-values-es#breadcrumb\"},\"inLanguage\":\"es\",\"potentialAction\":[{\"@type\":\"ReadAction\",\"target\":[\"https:\/\/www.exitfest.org\/es\/exit-values-es\"]}]},{\"@type\":\"BreadcrumbList\",\"@id\":\"https:\/\/www.exitfest.org\/es\/exit-values-es#breadcrumb\",\"itemListElement\":[{\"@type\":\"ListItem\",\"position\":1,\"name\":\"Po\u010detna\",\"item\":\"https:\/\/www.exitfest.org\/es\"},{\"@type\":\"ListItem\",\"position\":2,\"name\":\"EXIT Values\"}]},{\"@type\":\"WebSite\",\"@id\":\"https:\/\/www.exitfest.org\/es#website\",\"url\":\"https:\/\/www.exitfest.org\/es\",\"name\":\"EXIT Festival 2025\",\"description\":\"\",\"publisher\":{\"@id\":\"https:\/\/www.exitfest.org\/es#organization\"},\"alternateName\":\"EXIT Festival\",\"potentialAction\":[{\"@type\":\"SearchAction\",\"target\":{\"@type\":\"EntryPoint\",\"urlTemplate\":\"https:\/\/www.exitfest.org\/es?s={search_term_string}\"},\"query-input\":{\"@type\":\"PropertyValueSpecification\",\"valueRequired\":true,\"valueName\":\"search_term_string\"}}],\"inLanguage\":\"es\"},{\"@type\":\"Organization\",\"@id\":\"https:\/\/www.exitfest.org\/es#organization\",\"name\":\"EXIT Festival\",\"alternateName\":\"EXIT\",\"url\":\"https:\/\/www.exitfest.org\/es\",\"logo\":{\"@type\":\"ImageObject\",\"inLanguage\":\"es\",\"@id\":\"https:\/\/www.exitfest.org\/es#\/schema\/logo\/image\/\",\"url\":\"https:\/\/www.exitfest.org\/wp-content\/uploads\/2023\/04\/exit-logo-696px.svg\",\"contentUrl\":\"https:\/\/www.exitfest.org\/wp-content\/uploads\/2023\/04\/exit-logo-696px.svg\",\"width\":1,\"height\":1,\"caption\":\"EXIT Festival\"},\"image\":{\"@id\":\"https:\/\/www.exitfest.org\/es#\/schema\/logo\/image\/\"},\"sameAs\":[\"https:\/\/www.facebook.com\/exit.festival\",\"https:\/\/x.com\/exitfestival\",\"https:\/\/instagram.com\/exitfestival\",\"https:\/\/www.linkedin.com\/company\/exit-festival\/\",\"https:\/\/www.youtube.com\/user\/EXITFestivalTV\",\"https:\/\/en.wikipedia.org\/wiki\/Exit_festival\",\"https:\/\/www.tiktok.com\/@exit_festival\",\"https:\/\/www.flickr.com\/photos\/exitfestival\",\"https:\/\/soundcloud.com\/exitfestival\",\"https:\/\/www.mixcloud.com\/exitfestival\/\",\"https:\/\/vb.me\/b827f5\",\"https:\/\/www.deezer.com\/en\/profile\/1441778382\",\"https:\/\/vk.com\/exitfestival\"]}]}<\/script>\n<!-- \/ Yoast SEO plugin. -->","yoast_head_json":{"title":"Valores EXIT - EXIT Festival 2025","description":"Iniciado como un movimiento social estudiantil en el a\u00f1o 2000, EXIT ha sido el \u00fanico festival internacional que naci\u00f3 de un anhelo de progreso y libertad.","robots":{"index":"index","follow":"follow","max-snippet":"max-snippet:-1","max-image-preview":"max-image-preview:large","max-video-preview":"max-video-preview:-1"},"canonical":"https:\/\/www.exitfest.org\/es\/exit-values-es","og_locale":"es_ES","og_type":"article","og_title":"Valores EXIT - EXIT Festival 2025","og_description":"Iniciado como un movimiento social estudiantil en el a\u00f1o 2000, EXIT ha sido el \u00fanico festival internacional que naci\u00f3 de un anhelo de progreso y libertad.","og_url":"https:\/\/www.exitfest.org\/es\/exit-values-es","og_site_name":"EXIT Festival 2025","article_publisher":"https:\/\/www.facebook.com\/exit.festival","article_modified_time":"2023-02-02T10:35:19+00:00","og_image":[{"width":1920,"height":1080,"url":"https:\/\/www.exitfest.org\/wp-content\/uploads\/2024\/11\/state-of-exit-og-image-2025-exit.jpg","type":"image\/jpeg"}],"twitter_card":"summary_large_image","twitter_site":"@exitfestival","schema":{"@context":"https:\/\/schema.org","@graph":[{"@type":"WebPage","@id":"https:\/\/www.exitfest.org\/es\/exit-values-es","url":"https:\/\/www.exitfest.org\/es\/exit-values-es","name":"Valores EXIT - EXIT Festival 2025","isPartOf":{"@id":"https:\/\/www.exitfest.org\/es#website"},"datePublished":"2018-10-20T15:47:14+00:00","dateModified":"2023-02-02T10:35:19+00:00","description":"Iniciado como un movimiento social estudiantil en el a\u00f1o 2000, EXIT ha sido el \u00fanico festival internacional que naci\u00f3 de un anhelo de progreso y libertad.","breadcrumb":{"@id":"https:\/\/www.exitfest.org\/es\/exit-values-es#breadcrumb"},"inLanguage":"es","potentialAction":[{"@type":"ReadAction","target":["https:\/\/www.exitfest.org\/es\/exit-values-es"]}]},{"@type":"BreadcrumbList","@id":"https:\/\/www.exitfest.org\/es\/exit-values-es#breadcrumb","itemListElement":[{"@type":"ListItem","position":1,"name":"Po\u010detna","item":"https:\/\/www.exitfest.org\/es"},{"@type":"ListItem","position":2,"name":"EXIT Values"}]},{"@type":"WebSite","@id":"https:\/\/www.exitfest.org\/es#website","url":"https:\/\/www.exitfest.org\/es","name":"EXIT Festival 2025","description":"","publisher":{"@id":"https:\/\/www.exitfest.org\/es#organization"},"alternateName":"EXIT Festival","potentialAction":[{"@type":"SearchAction","target":{"@type":"EntryPoint","urlTemplate":"https:\/\/www.exitfest.org\/es?s={search_term_string}"},"query-input":{"@type":"PropertyValueSpecification","valueRequired":true,"valueName":"search_term_string"}}],"inLanguage":"es"},{"@type":"Organization","@id":"https:\/\/www.exitfest.org\/es#organization","name":"EXIT Festival","alternateName":"EXIT","url":"https:\/\/www.exitfest.org\/es","logo":{"@type":"ImageObject","inLanguage":"es","@id":"https:\/\/www.exitfest.org\/es#\/schema\/logo\/image\/","url":"https:\/\/www.exitfest.org\/wp-content\/uploads\/2023\/04\/exit-logo-696px.svg","contentUrl":"https:\/\/www.exitfest.org\/wp-content\/uploads\/2023\/04\/exit-logo-696px.svg","width":1,"height":1,"caption":"EXIT Festival"},"image":{"@id":"https:\/\/www.exitfest.org\/es#\/schema\/logo\/image\/"},"sameAs":["https:\/\/www.facebook.com\/exit.festival","https:\/\/x.com\/exitfestival","https:\/\/instagram.com\/exitfestival","https:\/\/www.linkedin.com\/company\/exit-festival\/","https:\/\/www.youtube.com\/user\/EXITFestivalTV","https:\/\/en.wikipedia.org\/wiki\/Exit_festival","https:\/\/www.tiktok.com\/@exit_festival","https:\/\/www.flickr.com\/photos\/exitfestival","https:\/\/soundcloud.com\/exitfestival","https:\/\/www.mixcloud.com\/exitfestival\/","https:\/\/vb.me\/b827f5","https:\/\/www.deezer.com\/en\/profile\/1441778382","https:\/\/vk.com\/exitfestival"]}]}},"_links":{"self":[{"href":"https:\/\/www.exitfest.org\/es\/wp-json\/wp\/v2\/pages\/229270","targetHints":{"allow":["GET"]}}],"collection":[{"href":"https:\/\/www.exitfest.org\/es\/wp-json\/wp\/v2\/pages"}],"about":[{"href":"https:\/\/www.exitfest.org\/es\/wp-json\/wp\/v2\/types\/page"}],"author":[{"embeddable":true,"href":"https:\/\/www.exitfest.org\/es\/wp-json\/wp\/v2\/users\/1"}],"replies":[{"embeddable":true,"href":"https:\/\/www.exitfest.org\/es\/wp-json\/wp\/v2\/comments?post=229270"}],"version-history":[{"count":1,"href":"https:\/\/www.exitfest.org\/es\/wp-json\/wp\/v2\/pages\/229270\/revisions"}],"predecessor-version":[{"id":293579,"href":"https:\/\/www.exitfest.org\/es\/wp-json\/wp\/v2\/pages\/229270\/revisions\/293579"}],"wp:attachment":[{"href":"https:\/\/www.exitfest.org\/es\/wp-json\/wp\/v2\/media?parent=229270"}],"curies":[{"name":"wp","href":"https:\/\/api.w.org\/{rel}","templated":true}]}}

<div class="wpb-content-wrapper"><p>[vc_row el_class=»container-single uk-container-center» css=».vc_custom_1547721396987{padding-top: 40px !important;}»][vc_column offset=»vc_col-lg-offset-2 vc_col-lg-8 vc_col-md-offset-2 vc_col-md-8&#8243; css=».vc_custom_1547720815089{margin-bottom: 0px !important;}»][vc_column_text css_animation=»none» css=».vc_custom_1675333903189{margin-bottom: 10px !important;}»]Nuestra <strong>MISIÓN</strong> es provocar cambios sociales positivos y acelerar la evolución de la conciencia humana mediante el uso de las industrias creativas, eventos artísticos, educativos y de caridad a nivel mundial como medio para difundir el mensaje de amor y libertad a todo el planeta; todo esto con el objetivo de hacer realidad nuestra <strong>VISIÓN</strong>: la humanidad y la Tierra en armonía en todos los niveles locales, regionales y globales.</p>
<p>Iniciado como un movimiento social estudiantil en el año 2000, Exit ha sido el único festival internacional que nació de un anhelo de progreso y libertad. La reconocida identidad del festival se desarrolló a través de un programa único de música ecléctica, creando numerosas campañas socialmente responsables, así como de un apoyo activo a organizaciones y movimientos de caridad, ecológicos y culturales.</p>
<p>EXIT no es solo un festival, es un movimiento, un símbolo de progreso y un motor de cambio en la sociedad, y también una plataforma líder para las industrias creativas no solo de Serbia, sino también de la región de los Balcanes, una región desgarrada por una década de guerras sangrientas donde aún crecen jóvenes llenos de odio hacia los pueblos de los países vecinos. Hemos aceptado el reto de cambiar esta realidad, de hacer de los Balcanes un símbolo de unidad y progreso.[/vc_column_text][/vc_column][/vc_row][vc_row][vc_column offset=»vc_col-lg-offset-2 vc_col-lg-8 vc_col-md-12 vc_col-xs-12&#8243;][vc_single_image image=»105016&#8243; img_size=»full» alignment=»center» css_animation=»none»][/vc_column][/vc_row][vc_row el_class=»container-single uk-container-center» css=».vc_custom_1540050342225{padding-bottom: 50px !important;}»][vc_column offset=»vc_col-lg-offset-2 vc_col-lg-8 vc_col-md-offset-2 vc_col-md-8 vc_col-xs-12&#8243;][vc_column_text css_animation=»none»]El sentido y las raíces de nuestra razón de ser se basan en un fuerte deseo de evolucionar y progresar, así como de realizar cambios positivos para crear medios que lleven el mensaje de libertad a tantas personas como sea posible. Esta chispa no puede apagarse, por el contrario, la visión hacia la que nos dirigimos nunca ha sido más clara: convertirnos y perdurar como generadores de una fuerte energía positiva que una a las personas, inspirándolas aún más y haciéndolas sentir que la armonía y los milagros son creados por nosotros mismos.</p>
<p>Nuestras misiones son, a través de festivales, industrias creativas y activismo social, continuar creando cambios sociales positivos y mejorar constantemente a cada paso del camino, junto con las personas que nos rodean y la sociedad en general. «Exit» como salida y apoyo en el camino del desarrollo personal y la verdadera felicidad.[/vc_column_text][/vc_column][/vc_row]</p>
</div>

<p>[vc_row el_class=»container-single uk-container-center» css=».vc_custom_1547721396987{padding-top: 40px !important;}»][vc_column offset=»vc_col-lg-offset-2 vc_col-lg-8 vc_col-md-offset-2 vc_col-md-8&#8243; css=».vc_custom_1547720815089{margin-bottom: 0px !important;}»][vc_column_text css_animation=»none» css=».vc_custom_1675333903189{margin-bottom: 10px !important;}»]Nuestra MISIÓN es provocar cambios sociales positivos y acelerar la evolución de la conciencia</p>

<!-- This site is optimized with the Yoast SEO plugin v25.6 - https://yoast.com/wordpress/plugins/seo/ -->
<title>Valores EXIT - EXIT Festival 2025</title>
<meta name="description" content="Iniciado como un movimiento social estudiantil en el año 2000, EXIT ha sido el único festival internacional que nació de un anhelo de progreso y libertad." />
<meta name="robots" content="index, follow, max-snippet:-1, max-image-preview:large, max-video-preview:-1" />
<link rel="canonical" href="https://www.exitfest.org/es/exit-values-es" />
<meta property="og:locale" content="es_ES" />
<meta property="og:type" content="article" />
<meta property="og:title" content="Valores EXIT - EXIT Festival 2025" />
<meta property="og:description" content="Iniciado como un movimiento social estudiantil en el año 2000, EXIT ha sido el único festival internacional que nació de un anhelo de progreso y libertad." />
<meta property="og:url" content="https://www.exitfest.org/es/exit-values-es" />
<meta property="og:site_name" content="EXIT Festival 2025" />
<meta property="article:publisher" content="https://www.facebook.com/exit.festival" />
<meta property="article:modified_time" content="2023-02-02T10:35:19+00:00" />
<meta property="og:image" content="https://www.exitfest.org/wp-content/uploads/2024/11/state-of-exit-og-image-2025-exit.jpg" />
	<meta property="og:image:width" content="1920" />
	<meta property="og:image:height" content="1080" />
	<meta property="og:image:type" content="image/jpeg" />
<meta name="twitter:card" content="summary_large_image" />
<meta name="twitter:site" content="@exitfestival" />
<script type="application/ld+json" class="yoast-schema-graph">{"@context":"https://schema.org","@graph":[{"@type":"WebPage","@id":"https://www.exitfest.org/es/exit-values-es","url":"https://www.exitfest.org/es/exit-values-es","name":"Valores EXIT - EXIT Festival 2025","isPartOf":{"@id":"https://www.exitfest.org/es#website"},"datePublished":"2018-10-20T15:47:14+00:00","dateModified":"2023-02-02T10:35:19+00:00","description":"Iniciado como un movimiento social estudiantil en el año 2000, EXIT ha sido el único festival internacional que nació de un anhelo de progreso y libertad.","breadcrumb":{"@id":"https://www.exitfest.org/es/exit-values-es#breadcrumb"},"inLanguage":"es","potentialAction":[{"@type":"ReadAction","target":["https://www.exitfest.org/es/exit-values-es"]}]},{"@type":"BreadcrumbList","@id":"https://www.exitfest.org/es/exit-values-es#breadcrumb","itemListElement":[{"@type":"ListItem","position":1,"name":"Početna","item":"https://www.exitfest.org/es"},{"@type":"ListItem","position":2,"name":"EXIT Values"}]},{"@type":"WebSite","@id":"https://www.exitfest.org/es#website","url":"https://www.exitfest.org/es","name":"EXIT Festival 2025","description":"","publisher":{"@id":"https://www.exitfest.org/es#organization"},"alternateName":"EXIT Festival","potentialAction":[{"@type":"SearchAction","target":{"@type":"EntryPoint","urlTemplate":"https://www.exitfest.org/es?s={search_term_string}"},"query-input":{"@type":"PropertyValueSpecification","valueRequired":true,"valueName":"search_term_string"}}],"inLanguage":"es"},{"@type":"Organization","@id":"https://www.exitfest.org/es#organization","name":"EXIT Festival","alternateName":"EXIT","url":"https://www.exitfest.org/es","logo":{"@type":"ImageObject","inLanguage":"es","@id":"https://www.exitfest.org/es#/schema/logo/image/","url":"https://www.exitfest.org/wp-content/uploads/2023/04/exit-logo-696px.svg","contentUrl":"https://www.exitfest.org/wp-content/uploads/2023/04/exit-logo-696px.svg","width":1,"height":1,"caption":"EXIT Festival"},"image":{"@id":"https://www.exitfest.org/es#/schema/logo/image/"},"sameAs":["https://www.facebook.com/exit.festival","https://x.com/exitfestival","https://instagram.com/exitfestival","https://www.linkedin.com/company/exit-festival/","https://www.youtube.com/user/EXITFestivalTV","https://en.wikipedia.org/wiki/Exit_festival","https://www.tiktok.com/@exit_festival","https://www.flickr.com/photos/exitfestival","https://soundcloud.com/exitfestival","https://www.mixcloud.com/exitfestival/","https://vb.me/b827f5","https://www.deezer.com/en/profile/1441778382","https://vk.com/exitfestival"]}]}</script>
<!-- / Yoast SEO plugin. -->

Iniciado como un movimiento social estudiantil en el año 2000, EXIT ha sido el único festival internacional que nació de un anhelo de progreso y libertad.

Početna
